
What is 204 (base 5) in base 14?
3c
Convert 12 (base 6) to base 9.
8
What is -56 (base 13) in base 2?
-1000111
What is -17 (base 13) in base 11?
-19
Convert -1 (base 10) to base 7.
-1
What is -14 (base 12) in base 9?
-17
Convert 20 (base 4) to base 11.
8
What is 53 (base 9) in base 7?
66
-11 (base 9) to base 3
-101
Convert 3 (base 16) to base 13.
3
What is -50 (base 11) in base 15?
-3a
What is -84 (base 10) in base 11?
-77
Convert -6 (base 12) to base 7.
-6
Convert -23 (base 4) to base 6.
-15
What is -3c (base 16) in base 4?
-330
Convert -204 (base 5) to base 4.
-312
Convert -8 (base 14) to base 4.
-20
330 (base 6) to base 9
150
-35 (base 6) to base 9
-25
109 (base 14) to base 2
11001101
-3 (base 13) to base 7
-3
Convert 107 (base 8) to base 12.
5b
-42 (base 14) to base 7
-112
1 (base 13) to base 16
1
What is 1102 (base 3) in base 4?
212
-44 (base 10) to base 5
-134
7 (base 15) to base 11
7
What is 112 (base 3) in base 14?
10
What is 4 (base 13) in base 7?
4
-a7 (base 11) to base 6
-313
What is 9a (base 12) in base 3?
11101
10 (base 5) to base 9
5
Convert -100 (base 2) to base 12.
-4
13 (base 14) to base 9
18
Convert -18 (base 13) to base 14.
-17
-3 (base 9) to base 7
-3
202 (base 6) to base 4
1022
-150 (base 6) to base 14
-4a
11 (base 2) to base 7
3
What is -7 (base 9) in base 11?
-7
-200 (base 8) to base 4
-2000
What is 1 (base 5) in base 6?
1
442 (base 5) to base 3
11112
a6 (base 13) to base 2
10001000
Convert -b4 (base 16) to base 13.
-10b
-4 (base 11) to base 12
-4
10 (base 2) to base 13
2
What is 1101 (base 3) in base 9?
41
-5 (base 6) to base 4
-11
Convert 10 (base 2) to base 10.
2
What is 92 (base 16) in base 13?
b3
14 (base 7) to base 12
b
-3 (base 9) to base 8
-3
10 (base 3) to base 6
3
Convert -160 (base 7) to base 10.
-91
What is -2 (base 5) in base 13?
-2
Convert 63 (base 10) to base 2.
111111
What is -5 (base 10) in base 2?
-101
-1 (base 11) to base 3
-1
-153 (base 10) to base 9
-180
-2 (base 12) to base 7
-2
What is -12022 (base 4) in base 7?
-1102
What is -32 (base 6) in base 10?
-20
Convert 59 (base 14) to base 7.
142
What is 57 (base 12) in base 4?
1003
Convert 2 (base 7) to base 3.
2
Convert -2b (base 13) to base 2.
-100101
Convert -12 (base 7) to base 10.
-9
What is 21 (base 3) in base 10?
7
11 (base 14) to base 12
13
Convert 10 (base 10) to base 7.
13
Convert -110 (base 4) to base 9.
-22
Convert 10 (base 10) to base 6.
14
Convert -56 (base 14) to base 12.
-64
What is 10 (base 6) in base 2?
110
Convert 21 (base 16) to base 13.
27
-31 (base 5) to base 6
-24
-10 (base 11) to base 15
-b
What is -1ac (base 13) in base 2?
-100110111
Convert -20 (base 3) to base 6.
-10
211 (base 3) to base 13
19
3 (base 15) to base 12
3
What is -2121 (base 3) in base 14?
-50
Convert -2 (base 9) to base 15.
-2
1 (base 2) to base 5
1
What is 3 (base 15) in base 4?
3
Convert -10 (base 10) to base 12.
-a
1 (base 8) to base 15
1
What is 3c (base 13) in base 16?
33
-1a0 (base 13) to base 5
-2144
Convert 110 (base 2) to base 3.
20
Convert 27 (base 9) to base 15.
1a
What is -11 (base 4) in base 10?
-5
Convert 168 (base 10) to base 16.
a8
0 (base 8) to base 16
0
Convert -34 (base 6) to base 3.
-211
Convert 10101 (base 3) to base 10.
91
What is 5 (base 6) in base 16?
5
Convert -1004 (base 5) to base 9.
-153
-103 (base 4) to base 7
-25
16 (base 15) to base 12
19
What is -1233 (base 4) in base 11?
-a1
-8 (base 11) to base 10
-8
Convert 179 (base 10) to base 4.
2303
What is -1a (base 15) in base 4?
-121
Convert -201 (base 6) to base 7.
-133
-10 (base 5) to base 9
-5
-1 (base 14) to base 9
-1
What is -1 (base 15) in base 3?
-1
What is -32 (base 10) in base 8?
-40
Convert 11 (base 2) to base 15.
3
-34 (base 6) to base 12
-1a
What is -a (base 12) in base 16?
-a
-100010 (base 2) to base 12
-2a
-e2 (base 16) to base 9
-271
What is 24 (base 11) in base 10?
26
What is -15 (base 7) in base 12?
-10
Convert 13 (base 16) to base 10.
19
What is -6 (base 14) in base 12?
-6
-2 (base 12) to base 13
-2
What is -1 (base 4) in base 14?
-1
-30 (base 9) to base 16
-1b
-3 (base 11) to base 7
-3
Convert 314 (base 5) to base 6.
220
What is -1 (base 8) in base 3?
-1
What is 200 (base 4) in base 12?
28
0 (base 16) to base 3
0
What is 77 (base 11) in base 14?
60
-28 (base 11) to base 13
-24
What is a (base 14) in base 9?
11
Convert -1 (base 12) to base 10.
-1
Convert 1 (base 6) to base 2.
1
-18 (base 9) to base 5
-32
Convert -3 (base 13) to base 16.
-3
Convert -64 (base 9) to base 15.
-3d
52 (base 14) to base 15
4c
What is -36 (base 9) in base 6?
-53
What is 332 (base 5) in base 8?
134
0 (base 8) to base 5
0
Convert 1 (base 16) to base 2.
1
What is 107 (base 13) in base 8?
260
What is -1 (base 16) in base 14?
-1
-130 (base 9) to base 15
-73
What is 10212 (base 3) in base 13?
80
Convert -8b (base 16) to base 14.
-9d
302 (base 5) to base 14
57
15 (base 8) to base 10
13
What is 54 (base 7) in base 3?
1110
Convert 6 (base 15) to base 2.
110
Convert -32 (base 4) to base 9.
-15
What is -42 (base 13) in base 4?
-312
-4 (base 16) to base 5
-4
8 (base 14) to base 2
1000
3 (base 5) to base 13
3
What is -11101 (base 2) in base 6?
-45
What is -1101 (base 2) in base 3?
-111
What is 10001 (base 2) in base 15?
12
What is 1001110 (base 2) in base 6?
210
What is 3 (base 12) in base 9?
3
373 (base 8) to base 11
209
What is 1012 (base 5) in base 6?
340
What is -2 (base 4) in base 7?
-2
Convert 1 (base 12) to base 8.
1
Convert -21 (base 14) to base 15.
-1e
What is 3 (base 12) in base 8?
3
Convert 1 (base 3) to base 5.
1
What is 7 (base 13) in base 6?
11
What is 10 (base 4) in base 12?
4
-25 (base 13) to base 10
-31
Convert -9 (base 10) to base 8.
-11
-10 (base 3) to base 6
-3
What is -175 (base 8) in base 6?
-325
What is a (base 12) in base 7?
13
What is 3 (base 13) in base 2?
11
Convert 4 (base 5) to base 11.
4
-4 (base 12) to base 2
-100
Convert -3 (base 10) to base 15.
-3
What is -11 (base 13) in base 5?
-24
What is -1 (base 15) in base 10?
-1
-117 (base 10) to base 13
-90
-100 (base 2) to base 14
-4
What is e6 (base 16) in base 10?
230
What is 1001110 (base 2) in base 9?
86
Convert -7c (base 13) to base 6.
-251
Convert -67 (base 9) to base 8.
-75
Convert -22 (base 4) to base 2.
-1010
-a (base 16) to base 12
-a
Convert 13 (base 12) to base 16.
f
Convert -214 (base 5) to base 14.
-43
123 (base 5) to base 3
1102
1010010 (base 2) to base 5
312
Convert -116 (base 10) to base 12.
-98
Convert 32 (base 4) to base 15.
e
Convert f (base 16) to base 3.
120
-42 (base 9) to base 8
-46
What is 137 (base 15) in base 14?
15b
Convert -5 (base 13) to base 2.
-101
Convert -4 (base 9) to base 10.
-4
Convert -20 (base 3) to base 13.
-6
Convert -6 (base 12) to base 5.
-11
-104 (base 9) to base 10
-85
-2 (base 16) to base 2
-10
Convert 1200 (base 3) to base 8.
55
-11 (base 10) to base 13
-b
12 (base 8) to base 11
a
What is 6 (base 12) in base 7?
6
What is -1e (base 15) in base 4?
-131
37 (base 8) to base 13
25
Convert -2110 (base 3) to base 10.
-66
-2 (base 13) to base 8
-2
Convert 1 (base 12) to base 3.
1
-12e (base 15) to base 11
-225
What is 10101 (base 2) in base 8?
25
Convert -3 (base 14) to base 4.
-3
-86 (base 10) to base 8
-126
What is -1100110 (base 2) in base 16?
-66
Convert 2 (base 14) to base 8.
2
a (base 11) to base 12
a
-92 (base 12) to base 6
-302
What is -12 (base 4) in base 16?
-6
What is 11 (base 6) in base 7?
10
What is 48 (base 10) in base 6?
120
What is 1 (base 6) in base 11?
1
-229 (base 10) to base 12
-171
What is 59 (base 13) in base 11?
68
What is 1d (base 14) in base 13?
21
Convert -32 (base 16) to base 3.
-1212
Convert 29 (base 16) to base 3.
1112
What is -52 (base 15) in base 5?
-302
Convert 1111 (base 2) to base 9.
16
What is 0 (base 11) in base 2?
0
Convert 1 (base 9) to base 12.
1
Convert 10 (base 3) to base 15.
3
What is -20 (base 8) in base 10?
-16
Convert -4 (base 12) to base 7.
-4
What is 200 (base 3) in base 9?
20
What is 61 (base 13) in base 15?
54
What is -44 (base 14) in base 3?
-2020
Convert 2 (base 16) to base 11.
2
11 (base 11) to base 5
22
-3 (base 15) to base 10
-3
Convert -22000 (base 3) to base 6.
-1000
Convert -19 (base 13) to base 8.
-26
Convert 1043 (base 6) to base 8.
363
1000 (base 2) to base 10
8
47 (base 13) to base 14
43
What is 20 (base 4) in base 3?
22
-17 (base